{"id":81,"date":"2017-08-06T23:37:43","date_gmt":"2017-08-06T23:37:43","guid":{"rendered":"http:\/\/web.altfresenburg.de\/?page_id=81"},"modified":"2021-04-29T10:02:24","modified_gmt":"2021-04-29T10:02:24","slug":"impressum","status":"publish","type":"page","link":"http:\/\/web.altfresenburg.de\/?page_id=81","title":{"rendered":"Impressum"},"content":{"rendered":"<p>Gut Altfresenburg GmbH &amp; Co. KG<br \/>\nAltfresenburg 11<br \/>\n23843 Bad Oldesloe<br \/>\nE-Mail: dialog(at)gutaltfresenburg.de<br \/>\n\u2014\u2014\u2014\u2014\u2014\u2014\u2014\u2014\u2014\u2014\u2014\u2014\u2014\u2014<\/p>\n<p>Gut Altfresenburg GmbH &amp; Co. KG &#8211; Sitz: Bad Oldesloe &#8211; HRA 9246 KI<br \/>\nvertreten durch die pers\u00f6nlich haftende Gesellschafterin: Von Vresenborch GmbH &#8211; Sitz: Klein Gladebr\u00fcgge &#8211; Amtsgericht Kiel HRB 17296 KI &#8211; Gesch\u00e4ftsf\u00fchrer: Martin Reitzig<\/p>\n","protected":false},"excerpt":{"rendered":"<p>Gut Altfresenburg GmbH &amp; Co. KG Altfresenburg 11 23843 Bad Oldesloe E-Mail: dialog(at)gutaltfresenburg.de \u2014\u2014\u2014\u2014\u2014\u2014\u2014\u2014\u2014\u2014\u2014\u2014\u2014\u2014 Gut Altfresenburg GmbH &amp; Co. KG &#8211; Sitz: Bad Oldesloe &#8211; [&hellip;]<\/p>\n","protected":false},"author":1,"featured_media":109,"parent":0,"menu_order":0,"comment_status":"closed","ping_status":"closed","template":"","meta":[],"_links":{"self":[{"href":"http:\/\/web.altfresenburg.de\/index.php?rest_route=\/wp\/v2\/pages\/81"}],"collection":[{"href":"http:\/\/web.altfresenburg.de\/index.php?rest_route=\/wp\/v2\/pages"}],"about":[{"href":"http:\/\/web.altfresenburg.de\/index.php?rest_route=\/wp\/v2\/types\/page"}],"author":[{"embeddable":true,"href":"http:\/\/web.altfresenburg.de\/index.php?rest_route=\/wp\/v2\/users\/1"}],"replies":[{"embeddable":true,"href":"http:\/\/web.altfresenburg.de\/index.php?rest_route=%2Fwp%2Fv2%2Fcomments&post=81"}],"version-history":[{"count":5,"href":"http:\/\/web.altfresenburg.de\/index.php?rest_route=\/wp\/v2\/pages\/81\/revisions"}],"predecessor-version":[{"id":198,"href":"http:\/\/web.altfresenburg.de\/index.php?rest_route=\/wp\/v2\/pages\/81\/revisions\/198"}],"wp:featuredmedia":[{"embeddable":true,"href":"http:\/\/web.altfresenburg.de\/index.php?rest_route=\/wp\/v2\/media\/109"}],"wp:attachment":[{"href":"http:\/\/web.altfresenburg.de\/index.php?rest_route=%2Fwp%2Fv2%2Fmedia&parent=81"}],"curies":[{"name":"wp","href":"https:\/\/api.w.org\/{rel}","templated":true}]}}