{"id":147,"date":"2018-11-20T20:06:12","date_gmt":"2018-11-20T20:06:12","guid":{"rendered":"http:\/\/web.altfresenburg.de\/?page_id=147"},"modified":"2021-04-29T09:57:42","modified_gmt":"2021-04-29T09:57:42","slug":"das-wirtschaftsgut","status":"publish","type":"page","link":"http:\/\/web.altfresenburg.de\/?page_id=147","title":{"rendered":""},"content":{"rendered":"<p><strong>Das Wirtschaftsgut<\/strong><\/p>\n<p>Gut Altfresenburg ist nicht nur Lebensraum, sondern auch ein Wirtschaftsgut. Hier sind Selbst\u00e4ndige, Freiberufler, kleine innovative &amp; kreative Unternehmen sowie gemeinn\u00fctzige Vereine zuhause und finden Raum f\u00fcr ihre T\u00e4tigkeiten. Sie bieten ihre Leistungen oder Produkte vor Ort an oder vermarkten sie von hier aus weltweit. Der inhaltliche Schwerpunkt der T\u00e4tigkeiten liegt dabei in den Bereichen Energie, Umwelt, Kultur, Gesundheit und Soziales \u2013 doch grunds\u00e4tzlich ist hier Freiraum f\u00fcr jeden, dessen Arbeit die Philosophie des Gutes Altfresenburg f\u00f6rdert.<\/p>\n","protected":false},"excerpt":{"rendered":"<p>Das Wirtschaftsgut Gut Altfresenburg ist nicht nur Lebensraum, sondern auch ein Wirtschaftsgut. Hier sind Selbst\u00e4ndige, Freiberufler, kleine innovative &amp; kreative Unternehmen sowie gemeinn\u00fctzige Vereine zuhause [&hellip;]<\/p>\n","protected":false},"author":1,"featured_media":122,"parent":0,"menu_order":0,"comment_status":"closed","ping_status":"closed","template":"","meta":[],"_links":{"self":[{"href":"http:\/\/web.altfresenburg.de\/index.php?rest_route=\/wp\/v2\/pages\/147"}],"collection":[{"href":"http:\/\/web.altfresenburg.de\/index.php?rest_route=\/wp\/v2\/pages"}],"about":[{"href":"http:\/\/web.altfresenburg.de\/index.php?rest_route=\/wp\/v2\/types\/page"}],"author":[{"embeddable":true,"href":"http:\/\/web.altfresenburg.de\/index.php?rest_route=\/wp\/v2\/users\/1"}],"replies":[{"embeddable":true,"href":"http:\/\/web.altfresenburg.de\/index.php?rest_route=%2Fwp%2Fv2%2Fcomments&post=147"}],"version-history":[{"count":5,"href":"http:\/\/web.altfresenburg.de\/index.php?rest_route=\/wp\/v2\/pages\/147\/revisions"}],"predecessor-version":[{"id":194,"href":"http:\/\/web.altfresenburg.de\/index.php?rest_route=\/wp\/v2\/pages\/147\/revisions\/194"}],"wp:featuredmedia":[{"embeddable":true,"href":"http:\/\/web.altfresenburg.de\/index.php?rest_route=\/wp\/v2\/media\/122"}],"wp:attachment":[{"href":"http:\/\/web.altfresenburg.de\/index.php?rest_route=%2Fwp%2Fv2%2Fmedia&parent=147"}],"curies":[{"name":"wp","href":"https:\/\/api.w.org\/{rel}","templated":true}]}}